ghest common factor of 12 and d?
12
Let y = 5406 - -3026. Calculate the greatest common factor of y and 128.
16
Suppose -g = -3, -2*g + 15 = 3*b + g. Let x be (b*9/15)/((-10)/(-175)). What is the highest common divisor of x and 84?
21
Let u(i) = 1228*i + 7852. Let c be u(7). Calculate the highest common factor of c and 96.
32
Suppose -34 = -5*b - 3*k, 6*b - 20*k = -23*k + 42. What is the highest common factor of 76 and b?
4
Suppose 0 = -0*q - 4*q. Suppose q = -0*m + m - 16. Calculate the highest common factor of m and 1.
1
Let w = -1343 - -1399. Calculate the highest common factor of 5068 and w.
28
Suppose -177 = -16*y - 81. Let c(z) = -12*z**2 - z + 6. Let x be c(-6). Let a be x/(-8) + 1*(-9)/y. Calculate the highest common factor of a and 34.
17
Let u be ((-266)/(-56))/(1/4). Suppose 0*y - 3*h - 253 = -y, -3*h = -2*y + 500. Calculate the greatest common divisor of u and y.
19
Suppose -3*c + 81 = 2*b, c - 83 = -0*b - 2*b. Let z = 106 + -45. Suppose 0 = 2*k - 5*x - z, -2*x + 30 = k - 4*x. What is the greatest common factor of k and b?
14
Suppose -701 = -5*k + h + 981, 0 = k + h - 334. Let o = k - 303. What is the highest common factor of o and 264?
33
Let v be 277 + 9/((-63)/14). Suppose 5*o + v - 795 = 0. What is the greatest common factor of o and 8?
8
Let n = -1272 + 1279. Suppose -4 = -0*v - 4*v. Let c = v - -62. What is the greatest common factor of c and n?
7
Let b = -2098 - -2959. Let c = -851 + b. Suppose -s = 4*h + 8, -h - 11 = -2*s - 0. Calculate the greatest common factor of c and s.
2
Let p(h) = -h**3 + 10*h**2 - 18*h + 19. Let j be (4/16*2)/(1/12). Let c be p(j). Let b = c + -53. Calculate the highest common divisor of 1 and b.
1
Let s(w) = 13*w - 61. Let b(m) = 140*m - 672. Let r(x) = -5*b(x) + 56*s(x). Let o be r(5). Calculate the highest common divisor of 96 and o.
12
Suppose v = c - 8 - 2, 4*c = 3*v + 45. Suppose 0 = -4*m + 41 + 39. What is the greatest common divisor of c and m?
5
Suppose 9 = 5*m + 3*y, 0 = -0*m + 2*m - 3*y - 12. Suppose 4*o + 81 + 586 = m*p, o = -4. What is the greatest common divisor of 7 and p?
7
Let f(i) = -583*i + 9401. Let l be f(16). What is the greatest common divisor of 9271 and l?
73
Suppose -n - 4*v + 545 = 0, -v = 5*n + 1550 - 4218. Calculate the highest common divisor of 41 and n.
41
Let w = -70 - -76. Let s(b) = b**3 - 7*b**2 + b + 12. Let q be s(w). Let n be (-5118)/(-54) + (-4)/q. Calculate the highest common factor of n and 38.
19
Suppose 23*f - 2 = 67. Let h be 513/54*(f + -1). What is the greatest common divisor of 38 and h?
19
Let r(j) = j**3 + 31*j**2 + 161*j - 18. Let f be r(-19). What is the greatest common divisor of f and 4016?
251
Suppose -3*b = -5*b + 26. Suppose -4*w - 343 = 4*v + 1477, 3 = 3*v. Let a = w - -521. What is the highest common factor of b and a?
13
Suppose 28*v + 9*v = 22*v + 108150. What is the greatest common factor of 210 and v?
70
Let s be (-72)/(-7) + 46/(-161). Calculate the greatest common divisor of s and 530.
10
Let t(p) = p**2 + 17. Let j be t(0). Suppose -2*f + 3*y + 31 = -15, 5*y + 3 = -f. What is the highest common factor of f and j?
17
Let v(t) = 3*t**2 + 18*t - 70. Let q be v(3). Let j(y) = 14*y**2 + 5*y - 17. Let i be j(-5). Calculate the highest common factor of i and q.
11
Suppose -4*s - 2*m = -3050, 120*m = -3*s + 119*m + 2285. Calculate the greatest common divisor of 440 and s.
40
Suppose -4105 + 662 = -11*w + 21439. Calculate the greatest common divisor of w and 156.
78
Suppose -2*c + 13*w = 10*w - 9, 4*c - 4*w - 28 = 0. Suppose -13*m + c = -9*m. Calculate the highest common divisor of m and 27.
3
Let x(c) = 16*c - 102. Let o be x(6). Let i be -1 - (o - 6/(-9)*6). Suppose 6 = 5*t - 3*g, 3*t = 2*g + 3 - 0. Calculate the highest common divisor of i and t.
1
Suppose 3*d - 7 + 1 = 0. Let k = 498 + -484. Suppose r - 4*r = -2*z + k, d = z - 4*r. What is the highest common divisor of 100 and z?
10
Suppose 57*o + 929 = 3893. Calculate the highest common divisor of o and 236.
4
Suppose 0 = -4*y + 5*s - 3, 1180*s - 21 = 1177*s. What is the greatest common factor of 2312 and y?
8
Suppose 0 = -7*h + 1425 + 1151. Suppose -368 = -4*c - w, 4*c - h + 0 = 2*w. Calculate the greatest common divisor of 1472 and c.
92
Suppose -15*w + 14*w - 28 = 0. Let g = w + 73. Let z(v) = v**3 + 20*v**2 + 16*v - 30. Let c be z(-19). What is the highest common divisor of c and g?
9
Suppose r + p = 24011, 642*r + 3*p - 24027 = 641*r. Calculate the greatest common divisor of r and 378.
189
Let k = -32785 - -34763. What is the highest common factor of k and 138?
46
Let c(u) = -42*u**2 - 1746*u + 808. Let i be c(-42). Let r = -2 + 2. Suppose r = 5*h - 3 - 17. Calculate the greatest common divisor of i and h.
4
Let t = 104 + -98. Let a be (((-2)/(-1))/t)/(44/3564). Calculate the greatest common factor of a and 108.
27
Let y(z) = -4*z**2 - 127*z + 147. Let x be y(-30). What is the greatest common factor of x and 42?
21
Let t be 55868/140 - 4/70. Calculate the greatest common divisor of 210 and t.
21
Suppose 1662*o + 137520 = 1698*o. What is the greatest common divisor of 140 and o?
20
Suppose b - 1736 = -2*j, 99*j + 8650 = 5*b + 103*j. What is the greatest common divisor of b and 2?
2
Let k = 37534 + -26792. What is the highest common factor of k and 82?
82
Let y(z) = -10*z**2 + 3*z + 3. Let g be y(3). Let p = -44 - g. Suppose 87*i + 6903 - 32488 = 1037. What is the highest common factor of p and i?
34
Let b = -30 + 38. Suppose 2304 = b*u - 0*u. Suppose -u = -7*i - 5*i. Calculate the highest common divisor of i and 144.
24
Let s = -4966 + 4968. What is the greatest common divisor of s and 19?
1
Let u = -470 - -475. Suppose 13*m - 56 = 11*m. Let o = 48 - m. Calculate the greatest common factor of o and u.
5
Let k(g) = 42*g**3 - 6*g**2 - 9*g - 9. Let f be k(-3). Let r be ((-8)/3)/(20/f). What is the highest common factor of 91 and r?
13
Let k = 122 + -123. Let u(l) = -90*l + 1. Let v be u(k). Calculate the greatest common divisor of 13 and v.
13
Let n = -140 - -318. Suppose n = 5*y + f, 0*y = 2*y + 2*f - 68. Let d = 45 - y. What is the greatest common divisor of 9 and d?
9
Let i = 3468 - 1658. Calculate the greatest common divisor of 40 and i.
10
Suppose -x = -10*x + 216. Let n(l) = 8*l**2 - 2*l - 6. Let f be (16/(-12) - -4) + (-1)/(-3). Let q be n(f). What is the highest common divisor of x and q?
12
Suppose 0 = 5*b + n - 1952, n - 83 = -3*b + 1089. Calculate the greatest common divisor of 690 and b.
30
Let v(k) = -k**3 - k**2 + 9*k + 17. Let a be v(-5). Suppose 2*b + 32 = 6*b. Let r be b/(-24) + 650/6. What is the greatest common divisor of r and a?
36
Suppose -2363 = 82*l - 83*l. What is the highest common factor of 17 and l?
17
Suppose -2*s - 4*p = -8, 2*s - 3*s - 3*p = -2. Suppose s*q + 110 - 366 = 0. What is the highest common factor of 80 and q?
16
Let v(u) = -3 - 17 - u**3 + 17*u**2 + 28 + 16*u. Let g be v(17). Suppose -6*a = -391 + 151. What is the greatest common divisor of g and a?
40
Let g be 3/(63/6) - (-59972)/(-329). Let i = -154 - g. Calculate the greatest common divisor of 105 and i.
7
Let j = -20 - 16. Let v be 81/j*(-128)/3. Let r(l) = -l**2 + 15*l - 30. Let w be r(9). Calculate the greatest common divisor of w and v.
24
Let j = 3458 - 2830. What is the greatest common factor of 14130 and j?
314
Let k(m) = 109*m**2 - 40*m + 123. Let j be k(3). Calculate the highest common factor of j and 696.
24
Let t(n) = 625*n - 6728. Let g be t(35). Calculate the highest common divisor of 374 and g.
187
Suppose -2*r + 27728 = -3*d + 7*d, 34661 = 5*d + 3*r. What is the highest common factor of d and 29?
29
Let b = -79 + 147. Let n be b + 2 + 15/3. Calculate the highest common factor of n and 3.
3
Let h(o) = 2*o - 14*o**2 + 8*o + 2*o**3 + 5*o**2 - 6. Let q be h(6). Let b = q - 137. What is the greatest common factor of 10 and b?
5
Suppose 343 + 693 = 7*s. What is the greatest common divisor of 4810 and s?
74
Suppose 4*c + 8 = 0, 53*j + 1434 = 54*j + 5*c. What is the highest common divisor of 608 and j?
76
Suppose 774 = 2*s - 3*q, 34*q + 1151 = 3*s + 32*q. What is the highest common divisor of s and 6223?
127
Let i(q) = 730*q + 6713. Let u be i(-9). Calculate the greatest common factor of 913 and u.
11
Suppose -95 - 233 = -4*a. Suppose -8*g = -4*g, q = -5*g + 205. What is the greates